 286. Let i be u(13). Calculate the greatest common factor of i and p.
26
Let m = 5 + -14. Let z = 1221 + -726. Let n be (3/m)/((-5)/z). Calculate the highest common divisor of n and 198.
33
Let k = 19 - 22. Let h be (k + -40)/(-1) + 3. Let p(a) = 4*a + 261. Let j be p(-48). What is the highest common factor of j and h?
23
Let z be (-1 + 6/(-4))*18. Let x be (-6 + 1)*z/5. Let g = -513 - -522. What is the greatest common factor of x and g?
9
Let b = -53 + 57. Let d be -8*7/(-6) - b/(-6). What is the greatest common factor of 160 and d?
10
Let m = 1131 + -1113. Let h be ((-8)/6)/((-8)/108). Suppose 54 = 4*d + h. What is the greatest common divisor of d and m?
9
Let j be (3/(-9))/((-46)/10350). Calculate the greatest common factor of 38400 and j.
75
Suppose 512*u - 126242 = 478*u. What is the greatest common divisor of 79 and u?
79
Let a(d) = -d**2 - 126*d - 1661. Let n be a(-98). What is the greatest common divisor of 3 and n?
3
Suppose 801*p - 839*p + 31312 = 0. What is the greatest common divisor of 2163 and p?
103
Let w = 16918 - 15830. What is the greatest common factor of 112 and w?
16
Let w = 3761 - 3620. Calculate the highest common divisor of 3901 and w.
47
Let l be (-24 - 3)*(0 - (-6 - -10)). Calculate the highest common divisor of 264 and l.
12
Let f(k) = k**3 + 26*k**2 + 37*k - 43. Let l be f(-24). Let b(s) = s**3 - 21*s**2 + 13. Let j be b(21). Calculate the greatest common factor of l and j.
13
Suppose -u + 8 = 1. Let n(k) = 65*k - 1409. Let f be n(22). What is the highest common factor of u and f?
7
Suppose 21*q - 13*q - 8048 = 0. Let n be (-29)/(-87) - q/(-6). What is the greatest common divisor of n and 105?
21
Let c(g) = -2*g**2 + 12*g + 34. Let h be c(5). Calculate the greatest common factor of h and 803.
11
Let k(y) = y**3 + 17*y**2 + 31*y + 14. Let d be k(-15). Let r be (d - (-130)/(-14))*4984/(-534). Calculate the highest common factor of 144 and r.
48
Let l = 268 + -471. Let z = -112 - l. Let o be (26/(-10))/((-10)/50). What is the greatest common divisor of o and z?
13
Let m(x) = 35*x + 1741. Let s be m(-49). Calculate the greatest common divisor of 1846 and s.
26
Suppose -14 + 49 = z - 4*p, -137 = -5*z + p. Calculate the highest common divisor of 3753 and z.
27
Let v = 594 + 340. Calculate the highest common factor of 2 and v.
2
Let y(f) = f**3 + 73*f**2 - 313*f - 33. Let m be y(-77). Suppose 3*w = -0*w + 66. Calculate the highest common factor of w and m.
22
Let t(v) = v + 28. Let m be t(-13). Let x be (2 + 3)*(-18)/m. Let l be 19/2 - x/(-4). What is the highest common factor of 24 and l?
8
Let c = 29395 - 24475. Calculate the highest common divisor of c and 480.
120
Let a(l) = 20*l - 75. Let b(v) = -v - 1. Let t(y) = a(y) + 4*b(y). Let h be t(7). Let r be 4/(-2 + -2) - -12. Calculate the highest common factor of r and h.
11
Let s(b) = -b**3 - 22*b**2 + 50*b + 50. Let l = -297 + 273. Let p be s(l). What is the greatest common divisor of p and 84?
2
Suppose 41*t = 10767 + 18507. Let p(o) = 5*o**2 + 2*o + 1. Let l be p(-2). Calculate the greatest common divisor of t and l.
17
Let f be (216/(-180))/((-6)/10). Suppose -200 = -2*c - 4*j, f*c - 4*j = -j + 186. Calculate the highest common factor of c and 4.
4
Let f(g) = g**3 + 49*g**2 - 52*g - 77. Let r be f(-50). Let o(j) = -6*j + 159. Let t be o(r). Calculate the highest common factor of t and 861.
21
Suppose 20*p - 24*p + g = -471, -600 = -5*p + 5*g. Let i be 1088/102*p/4. Let f = -43 - -82. Calculate the highest common factor of i and f.
39
Let w = 4426 - 3906. Calculate the highest common factor of 1170 and w.
130
Let k be (-8)/10 - (-1138)/10. Suppose -5*f + 180 = 4*c, k = 4*f - c - 2*c. Calculate the highest common factor of f and 112.
16
Let a be 2 + 0/(0 - 1). Suppose -z = -a*z + 72. Let d = -5360 - -5378. What is the highest common factor of d and z?
18
Suppose -13*g - 289 + 1567 - 602 = 0. Calculate the greatest common divisor of 7267 and g.
13
Let j(k) = -k**3 - 17*k**2 + 12*k - 87. Let t be j(-18). Let n be (-760)/15*t/(-28). Calculate the highest common factor of n and 76.
38
Let i(d) = 2*d**3 + d - 3*d**2 + 3969 - 3951 + 6*d. Let m be i(6). What is the highest common factor of m and 12?
12
Let h be (-206)/14 + 10/(-105)*3. Let r be -2 + -6*(-19)/(-2). Let d = h - r. Calculate the greatest common factor of 220 and d.
44
Let d(z) = -5*z - 12. Let l be d(-4). Let w = -1109 + 1125. What is the greatest common divisor of l and w?
8
Let h = 442 + -746. Let x = h - -353. What is the greatest common factor of x and 637?
49
Suppose -3*y = -2*u - 615, 203*u = -3*y + 204*u + 621. What is the greatest common divisor of 703 and y?
19
Let c(z) = 178*z - 808 + 1616 - 815. Let u be c(1). Calculate the highest common divisor of 114 and u.
57
Suppose 415 - 323 = 4*m. Suppose 8 = -s + 36. Let l = s - m. Calculate the highest common divisor of 35 and l.
5
Let m be (-82)/246 + (-442)/(-3). Calculate the highest common factor of 1127 and m.
49
Let d(f) = 12*f**2 - 11 + 3 - 10*f**2 - 4*f + 0*f**2. Let j be d(-2). Let x = -1 + 9. Calculate the highest common factor of j and x.
8
Let g(v) = 3*v**3 + 29*v**2 + 27*v + 161. Let c be g(-9). What is the greatest common divisor of c and 2320?
80
Let u be (0 - 0 - -1)*9. Suppose 31*m - 552 = 32*m + 2*a, 3*m = -2*a - 1668. Let l = m - -564. Calculate the greatest common divisor of u and l.
3
Suppose 391 = 3*j + 349. Let h be 178 + 5/((-35)/j). Calculate the highest common factor of h and 11.
11
Let b be (-1 - 1)*(-33 - 6 - 5). Suppose 3 = -5*a - 2, -4*a = -g + b. What is the highest common divisor of 12 and g?
12
Let j(r) = -205*r**3 + 2*r**2 + 4*r - 5. Let i be j(1). Let p = i + 344. Calculate the highest common factor of p and 28.
28
Suppose 110 = 21*o + 47. Suppose p - 1 = 4*t + o, 38 = 3*p + t. Calculate the greatest common factor of 36 and p.
12
Let k(h) = -5*h**3 - 27*h**2 - 62*h - 38. Let f be k(-4). Calculate the greatest common factor of 1225 and f.
49
Suppose -18 = -5*k + 3*t + 14, -16 = 4*t. Let h(u) = -u**3 + 22*u**2 + 199*u + 120. Let b be h(29). What is the highest common factor of b and k?
4
Let a(z) = -z**2 + z + 13. Let s be a(0). Let y = 16620 + -16503. What is the highest common factor of y and s?
13
Suppose 0 = -8111*l + 8114*l - 729. What is the highest common factor of 3 and l?
3
Let c be 3 + (-8)/4 + (0 - -503). Suppose -9*a = 234 + c. Let b = a + 101. What is the greatest common divisor of 152 and b?
19
Suppose -15 = -4*y + 2*x + 49, 0 = 2*y + 3*x - 40. Let a(j) = 11*j - 183. Let g be a(y). Calculate the greatest common factor of g and 14.
2
Let w be 1/((-15)/(-6) - 2). Let u be w + (-2)/(-4)*18. Suppose 4*v - g = 489, 11*g = -43 - 12. What is the highest common divisor of v and u?
11
Suppose 144 = -w + 3*w. Let v = 109 + -109. Let a = v - -9. Calculate the highest common divisor of w and a.
9
Suppose 0 = -18*z + 4682 - 506. Let x(n) = 32*n + 30. Let t be x(6). Suppose 48 - t = -6*c. What is the greatest common factor of z and c?
29
Suppose -783 - 305 - 193 = -7*b. Calculate the greatest common divisor of 4331 and b.
61
Let u = 8192 - 6862. What is the highest common factor of 1260 and u?
70
Let a be (-3)/(6/16) - (-621)/23. Calculate the highest common factor of a and 149.
1
Let l be 177/5 + 11/110*-4. Let a be 5/(l/217)*1. Let q = -178 + 333. What is the greatest common divisor of a and q?
31
Suppose 9*r - 240 = -3*r + 156. Calculate the greatest common divisor of r and 2651.
11
Suppose -5*z = -3*g - 312, -138*g + 135*g + 318 = 5*z. Calculate the highest common factor of 15309 and z.
63
Let j = -143 + 473. Let b(f) = f**2 - f. Let w = 17 - 11. Let x be b(w). Calculate the greatest common divisor of x and j.
30
Suppose -9*w + 213 = -21. Let r = 50 - w. Suppose 0 = 4*o - 56 - 88. Calculate the greatest common factor of o and r.
12
Let w be 13428/32 + ((-30)/16)/(-5). What is the highest common factor of 588 and w?
84
Let y = -5129 + 5285. What is the highest common divisor of y and 1248?
156
Let x be (-1105)/(-2)*((-1376)/(-160) + -7). What is the highest common divisor of 260 and x?
52
Let n be (-40)/24*(1 - 4). Suppose 11*a - 16 = 9*a + 2*p, -22 = -2*a + n*p. What is the highest common divisor of 8 and a?
2
Let u(f) = 146*f + 1029. Let t be u(-10). Suppose -5*v - 2373 = -8*v. Let h = v + t. What is the highest com